t?
2
Suppose 41*c - 35613 + 3469 = 0. What are the prime factors of c?
2, 7
Suppose -127512 = 37*q - 13*q. List the prime factors of (-15)/(q/1050 + 10/2).
2, 5
Let p(u) = -u**2 + 19*u + 154. Let o be p(-6). Suppose 5*g - 13*c = -18*c + 1800, 0 = 2*g - o*c - 738. What are the prime factors of g?
3, 11
Suppose -4*w - 3*c + 38054 = 0, -7*c + 2*c = -4*w + 38038. What are the prime factors of w?
2, 29, 41
Let c(y) = -1540*y + 285. List the prime factors of c(-7).
5, 2213
Suppose a = 141 - 137. Suppose -5*b - m = -103 - 717, a*m + 515 = 3*b. What are the prime factors of b?
3, 5, 11
What are the prime factors of ((-6)/(-30) + -5)/((-13)/34970)?
2, 3, 269
Let v be 32/(-28)*84/(-24). Suppose 29*t - 24*t - v*y = 232, -3*t = 3*y - 150. List the prime factors of t.
2, 3
Let p = -5 - -8. Suppose 4*i - 4*h = 32, -i - i = -p*h - 19. Suppose -v - 4*u + 46 = -u, 260 = 5*v + i*u. What are the prime factors of v?
5, 11
Suppose 4*z - 2*l = 6*z - 14, -22 = -2*z - 4*l. Suppose 3*t - 643 = v, 0 = z*v + 5 + 7. Suppose 4*q - t = 275. List the prime factors of q.
2, 61
Let p be ((-59460)/78)/2 - (-6)/39. What are the prime factors of ((-10)/(-35)*p)/(2/(-14))?
2, 3, 127
Let n(l) = -3366*l - 98. What are the prime factors of n(-7)?
2, 7, 419
Let j(p) = -55*p + 649. What are the prime factors of j(-78)?
11, 449
Let u(l) = 27*l**3 - 40*l**2 - 28*l - 7. List the prime factors of u(9).
2, 7, 17
Let o = 6668 + -3688. List the prime factors of o.
2, 5, 149
Let q(a) = 159*a**3 - 16*a**2 - 4*a - 1. What are the prime factors of q(3)?
2, 11, 47
Let z be 5 + -3 - (1 + -4). Suppose z = 2*j + 3. Suppose -2*o + j + 45 = 0. List the prime factors of o.
23
Let k(a) = -6 - 8 - 20*a**2 + 1 + a**3 - 562*a + 571*a - 14. Suppose -5*q + h = -3*h - 80, 0 = -q + 4*h. List the prime factors of k(q).
3, 17
Let p = -8 + 2. Let h(t) = 13*t**2 - 82*t - 8. List the prime factors of h(p).
2, 7, 17
Let l = -24707 + 45769. List the prime factors of l.
2, 10531
Suppose v = 5*v - 8. Suppose -15 = -m + 2*m + 5*l, v*l = -3*m - 110. Let d = -37 - m. What are the prime factors of d?
3
Suppose -21267 = -2*c + 5*z, -168*c - z = -163*c - 53262. What are the prime factors of c?
10651
Let m = 114 - 112. Suppose -m*a = 4*a - 84. List the prime factors of (0 + 5)/(a/322).
5, 23
Suppose -4*t = -3*i - 22092, -16139 = -3*t - 2*i + 447. What are the prime factors of t?
2, 3, 307
Let i(w) = 70*w + 158. Let p = 154 + -149. What are the prime factors of i(p)?
2, 127
Let u be (11/(-4) - -3)/(3/60). Suppose -r - 8 = 2*i, 2*r + u = -3*r - 3*i. Suppose 3*z = -r*y + 166, y - 4*z = 6*y - 415. List the prime factors of y.
83
Suppose 462 = 2*u + 188. Let x = 42 + u. Suppose 0 = x*z - 181*z + 344. List the prime factors of z.
2, 43
Suppose -2*z + 51 = t + 3*z, -2*z = 3*t - 88. Suppose -t*f = -22*f. Suppose -4*b - b + 165 = f. What are the prime factors of b?
3, 11
Let u = -2521 - -5510. Let r = -1137 + u. List the prime factors of r.
2, 463
Let q(x) = 1006*x**2 + 25*x - 580. What are the prime factors of q(9)?
81131
Let b = 16564 + -8247. What are the prime factors of b?
8317
Let s = -10 - -12. Let h be 1060/(-25)*(-10)/s. Let t = -143 + h. What are the prime factors of t?
3, 23
Let b(h) = -h**3 + 4*h**2 + 3*h + 4. Let v be b(4). Suppose s - 6*c + c = -v, 0 = -4*c + 16. Suppose s*u = -u + 175. List the prime factors of u.
5, 7
Suppose 201*p - 70*p + 1535440 = 7753355. What are the prime factors of p?
5, 11, 863
Let d(a) = 24*a**2 + 83*a - 60. Let m be d(-7). Let t(b) = 40*b**3 - b**2 - 2. Let f be t(2). Let j = m - f. What are the prime factors of j?
13, 17
Let k be (0 + 2469)*(-26)/(-78). Suppose -k = -4*s + 3*c, 3*s - 7*s = 2*c - 818. What are the prime factors of s?
5, 41
Let a = -84 - -88. Suppose -5*g + 0*p + p = -1781, -3*g + a*p = -1055. What are the prime factors of g?
3, 7, 17
Let n(j) = -j**3 - 7*j**2 - 8*j - 8. Suppose -p - 2 + 36 = -2*f, 4*p - 196 = -4*f. Let a = p - 50. What are the prime factors of n(a)?
2
Let x(u) = u + 18. Suppose 1 = -4*v + 49. Suppose 0 = -16*m + v*m + 32. List the prime factors of x(m).
2, 13
Suppose -3*d = 7*t - 55964, 2*d = -3*d + 10. What are the prime factors of t?
2, 7, 571
Suppose 3 = -v - 5*d, -4*d + 4 = 4*v - 0. Suppose 0 = -r + 5*r + v*w + 2, 0 = -3*r - 3*w - 3. Suppose 8*k - 9*k + 104 = r. What are the prime factors of k?
2, 13
Let m be (-127379)/(-21) - ((-8)/(-6))/2. Suppose -m = -10*z + 1725. What are the prime factors of z?
19, 41
Let u(h) = h**3 - 27*h**2 - 27*h + 133. What are the prime factors of u(30)?
7, 17
Let w be (-36)/48 - 93/(-12). Suppose -1311 = -w*t + 2504. What are the prime factors of t?
5, 109
Let k(v) = 355*v**2 - 309*v + 57. List the prime factors of k(8).
5, 31, 131
Let d = -1252 + 1393. Suppose -3*m - 25 = 134. Let t = m + d. What are the prime factors of t?
2, 11
Let v(u) = 19*u + 3. Let w = -31 - -25. Let s be -2 - (w + -2 + 2). What are the prime factors of v(s)?
79
Suppose 4*c - 1184 = -4*m, 3*c = 14 - 2. Let x(v) = v + 390. Let r be x(0). Suppose -n = -4*y + r, y - m = -2*y + n. List the prime factors of y.
2, 7
Suppose 5*k = 2*h + 13, -9*k + 4*k = 5*h + 120. Let g(a) = -26*a - 116. List the prime factors of g(h).
2, 3, 7
Suppose -223567 = -89*g + 469735 + 677031. List the prime factors of g.
89, 173
Suppose -462*i = -478*i + 452880. What are the prime factors of i?
3, 5, 17, 37
Let q(h) = -10*h + 8. Let f(o) = 19*o - 15. Let p(z) = 3*f(z) + 5*q(z). Let s be p(1). Suppose -27 = s*r - 345. List the prime factors of r.
3, 53
Suppose -r - 28847 = -5*b, 14*r = -3*b + 16*r + 17304. Suppose 16*x - b = 374. What are the prime factors of x?
2, 3
Let m = 40 - 29. Suppose 7*h = m*h + 48. List the prime factors of 75 + 4/h*3.
2, 37
Let o = 707 + -720. Let x = -6 + 6. List the prime factors of 4*o*(x + -2).
2, 13
Let j(u) = -u - 41. Let h be j(39). What are the prime factors of (-10)/(h/14952) - 5?
2, 233
Suppose p - 119*b + 123*b - 12945 = 0, 0 = -5*p - 2*b + 64779. List the prime factors of p.
3, 7, 617
Suppose 122094 + 12236 = 5*z. What are the prime factors of z?
2, 7, 19, 101
Let s = 437 + 821. Let w = s + -760. List the prime factors of w.
2, 3, 83
Let g be 2/(-1)*((-6)/3)/1. Suppose -46 = -f - 2*q, g*q = -5*f + 308 - 78. Let m = f - 23. List the prime factors of m.
23
Let c(o) = 6*o**2 - 5*o + 4. Let h be 2*(3/(-18))/((-5)/15). Let t be c(h). Suppose r = -2, 4*v + t*r = 2*r + 254. List the prime factors of v.
5, 13
Suppose 0 = -2*s + 9 + 1, -3*m + 136 = -4*s. Suppose 2*a - 3*a + 4*c + 13 = 0, -4*a = c - m. Suppose -9 = 2*w - a. List the prime factors of w.
2
Suppose 22*r + 32*r - 669816 = 0. What are the prime factors of r?
2, 7, 443
Suppose 2*a - 16573 = -4*b - 291, 4*b - 8133 = -a. List the prime factors of a.
29, 281
Let a(x) be the second derivative of -x**5/20 - 5*x**4/4 - 4*x**3/3 - 59*x**2/2 + 9*x. List the prime factors of a(-17).
5, 131
Let m(h) be the second derivative of 5*h**4/12 + 13*h**3/6 - 37*h**2/2 - 49*h. List the prime factors of m(7).
13, 23
Let b = -9665 + 16054. What are the prime factors of b?
6389
Suppose -10*n - 3*n = -433856 + 63031. What are the prime factors of n?
5, 7, 163
Let i(n) = 926*n**2 + 21*n - 12. List the prime factors of i(3).
3, 5, 13, 43
List the prime factors of (-1131220)/(-260) - 8/(-52).
19, 229
Let x(c) be the second derivative of -13*c**3/2 + 19*c**2/2 + c. What are the prime factors of x(-7)?
2, 73
What are the prime factors of (7 + (-1)/(-2))*(57520/(-15))/(-4)?
2, 5, 719
Suppose -5*j = -0*y - y - 7025, -2*y = 4*j - 5606. List the prime factors of j.
2, 3, 13
Suppose 44*o - 9*o - 3675 = 0. Let k(n) = 2*n - 7. Let u be k(6). Suppose -u*d = 2*l + l - o, -l = 4*d - 42. What are the prime factors of l?
2, 3, 5
Let f(q) = q**3 + 18*q**2 - 10*q - 11. Let t = -69 - -52. Let i be f(t). Suppose i + 82 = 2*c. What are the prime factors of c?
5, 53
Let z(j) = 5*j + 51. Let d be z(-9). List the prime factors of -5 - (-7 + -1635) - d.
7, 233
Let p be 0 + 3 + (5 - (4 + 1)). Suppose 2*m - 4*o = 20, 0*o + 24 = 3*m - p*o. Suppose 0 = -4*a + m*q - 2*q + 208, 5*a = 3*q + 268. List the prime factors of a.
2, 7
What are the prime factors of (22/(-5) + 4)*(-4 + (-11 - 38950))?
2, 7793
Let l(d) be the second derivative of 167*d**3/6 - 2*d**2 - d - 1. List the prime factors of l(2).
2, 3, 5, 11
Suppose -5*r + 48074 + 12861 = 0. L